{"id":21,"date":"2020-01-03T09:49:07","date_gmt":"2020-01-03T09:49:07","guid":{"rendered":"http:\/\/chateau-sesquieres.fr\/?page_id=21"},"modified":"2020-11-23T14:53:17","modified_gmt":"2020-11-23T14:53:17","slug":"blog","status":"publish","type":"page","link":"https:\/\/chateau-sesquieres.fr\/","title":{"rendered":"Domaine des Sesqui\u00e8res"},"content":{"rendered":"\n<p class=\"has-background has-background-background-color\"><\/p>\n\n\n\n<p><\/p>\n\n\n\n<div class=\"wp-block-media-text alignfull has-media-on-the-right is-stacked-on-mobile\" style=\"grid-template-columns:auto 43%\"><figure class=\"wp-block-media-text__media\"><img loading=\"lazy\" width=\"1024\" height=\"892\" src=\"https:\/\/chateau-sesquieres.fr\/wp-content\/uploads\/2020\/11\/soleil-e1606141078187-1024x892.jpg\" alt=\"\" class=\"wp-image-102\" srcset=\"https:\/\/chateau-sesquieres.fr\/wp-content\/uploads\/2020\/11\/soleil-e1606141078187-1024x892.jpg 1024w, https:\/\/chateau-sesquieres.fr\/wp-content\/uploads\/2020\/11\/soleil-e1606141078187-450x392.jpg 450w, https:\/\/chateau-sesquieres.fr\/wp-content\/uploads\/2020\/11\/soleil-e1606141078187-600x523.jpg 600w, https:\/\/chateau-sesquieres.fr\/wp-content\/uploads\/2020\/11\/soleil-e1606141078187-300x261.jpg 300w, https:\/\/chateau-sesquieres.fr\/wp-content\/uploads\/2020\/11\/soleil-e1606141078187-768x669.jpg 768w, https:\/\/chateau-sesquieres.fr\/wp-content\/uploads\/2020\/11\/soleil-e1606141078187-1200x1046.jpg 1200w, https:\/\/chateau-sesquieres.fr\/wp-content\/uploads\/2020\/11\/soleil-e1606141078187.jpg 1440w\" sizes=\"(max-width: 1024px) 100vw, 1024px\" \/><\/figure><div class=\"wp-block-media-text__content\">\n<p class=\"has-large-font-size\"><strong>Le Domaine<\/strong><\/p>\n\n\n\n<p>Situ\u00e9 \u00e0 20km de Carcassonne, sur les contreforts de la Montagne Noire, nos vignes sont expos\u00e9es plein Sud et b\u00e9n\u00e9ficient d&rsquo;une influence climatique oc\u00e9anique et m\u00e9diterran\u00e9enne. <\/p>\n\n\n\n<p>Notre terroir offre une formation g\u00e9ologique riche et vari\u00e9e o\u00f9 se m\u00ealent  garrigues et montagnes. La dualit\u00e9 climatique procurent des vins \u00e9quilibr\u00e9s et complexes. Autrement dit, un v\u00e9ritable mariage entre la finesse et la vivacit\u00e9 de l&rsquo;Ouest avec le gras et la souplesse profonde de l&rsquo;Est.<\/p>\n<\/div><\/div>\n\n\n\n<div class=\"wp-block-media-text alignfull is-stacked-on-mobile is-vertically-aligned-center\" style=\"grid-template-columns:48% auto\"><figure class=\"wp-block-media-text__media\"><img loading=\"lazy\" width=\"1024\" height=\"683\" src=\"https:\/\/chateau-sesquieres.fr\/wp-content\/uploads\/2020\/11\/ArtCom-Alzonne-EmmanuelleB-050-1024x683.jpg\" alt=\"\" class=\"wp-image-95\" srcset=\"https:\/\/chateau-sesquieres.fr\/wp-content\/uploads\/2020\/11\/ArtCom-Alzonne-EmmanuelleB-050-1024x683.jpg 1024w, https:\/\/chateau-sesquieres.fr\/wp-content\/uploads\/2020\/11\/ArtCom-Alzonne-EmmanuelleB-050-450x300.jpg 450w, https:\/\/chateau-sesquieres.fr\/wp-content\/uploads\/2020\/11\/ArtCom-Alzonne-EmmanuelleB-050-600x400.jpg 600w, https:\/\/chateau-sesquieres.fr\/wp-content\/uploads\/2020\/11\/ArtCom-Alzonne-EmmanuelleB-050-300x200.jpg 300w, https:\/\/chateau-sesquieres.fr\/wp-content\/uploads\/2020\/11\/ArtCom-Alzonne-EmmanuelleB-050-768x512.jpg 768w, https:\/\/chateau-sesquieres.fr\/wp-content\/uploads\/2020\/11\/ArtCom-Alzonne-EmmanuelleB-050-1536x1025.jpg 1536w, https:\/\/chateau-sesquieres.fr\/wp-content\/uploads\/2020\/11\/ArtCom-Alzonne-EmmanuelleB-050-1200x800.jpg 1200w, https:\/\/chateau-sesquieres.fr\/wp-content\/uploads\/2020\/11\/ArtCom-Alzonne-EmmanuelleB-050-1980x1321.jpg 1980w, https:\/\/chateau-sesquieres.fr\/wp-content\/uploads\/2020\/11\/ArtCom-Alzonne-EmmanuelleB-050.jpg 2000w\" sizes=\"(max-width: 1024px) 100vw, 1024px\" \/><\/figure><div class=\"wp-block-media-text__content\">\n<p><strong>L&rsquo;Histoire<\/strong><\/p>\n\n\n\n<p>Le Domaine Sesqui\u00e8res est avant tout, une histoire de famille depuis les ann\u00e9es 50. C&rsquo;est aujourd&rsquo;hui, G\u00e9rard Lagoutte, qui en est le propr\u00e9taire mais surtout le vigneron depuis son plus jeune \u00e2ge.<\/p>\n\n\n\n<p>Passionn\u00e9 par la culture de la terre et l&rsquo;\u00e9laboration du vin, il a tenu \u00e0 conserver l&rsquo;authenticit\u00e9 du vignoble en s&rsquo;engageant aupr\u00e8s de la charte Natura 2000 et de la mention Haute Valeur Environnementale. <\/p>\n\n\n\n<p>Nous travaillons  en famille et tenons \u00e0 cultiver et \u00e0 vinifier le domaine dans le respect et la tradition des nos anc\u00eatres. <\/p>\n<\/div><\/div>\n\n\n\n<div class=\"wp-block-media-text alignfull has-media-on-the-right is-stacked-on-mobile is-vertically-aligned-center\" style=\"grid-template-columns:auto 48%\"><figure class=\"wp-block-media-text__media\"><img loading=\"lazy\" width=\"1024\" height=\"683\" src=\"https:\/\/chateau-sesquieres.fr\/wp-content\/uploads\/2020\/11\/78671741_742413776237288_900103640616796160_n-1024x683.jpg\" alt=\"\" class=\"wp-image-92\" srcset=\"https:\/\/chateau-sesquieres.fr\/wp-content\/uploads\/2020\/11\/78671741_742413776237288_900103640616796160_n-1024x683.jpg 1024w, https:\/\/chateau-sesquieres.fr\/wp-content\/uploads\/2020\/11\/78671741_742413776237288_900103640616796160_n-450x300.jpg 450w, https:\/\/chateau-sesquieres.fr\/wp-content\/uploads\/2020\/11\/78671741_742413776237288_900103640616796160_n-600x400.jpg 600w, https:\/\/chateau-sesquieres.fr\/wp-content\/uploads\/2020\/11\/78671741_742413776237288_900103640616796160_n-300x200.jpg 300w, https:\/\/chateau-sesquieres.fr\/wp-content\/uploads\/2020\/11\/78671741_742413776237288_900103640616796160_n-768x512.jpg 768w, https:\/\/chateau-sesquieres.fr\/wp-content\/uploads\/2020\/11\/78671741_742413776237288_900103640616796160_n-1536x1025.jpg 1536w, https:\/\/chateau-sesquieres.fr\/wp-content\/uploads\/2020\/11\/78671741_742413776237288_900103640616796160_n-1200x800.jpg 1200w, https:\/\/chateau-sesquieres.fr\/wp-content\/uploads\/2020\/11\/78671741_742413776237288_900103640616796160_n-1980x1321.jpg 1980w, https:\/\/chateau-sesquieres.fr\/wp-content\/uploads\/2020\/11\/78671741_742413776237288_900103640616796160_n.jpg 2000w\" sizes=\"(max-width: 1024px) 100vw, 1024px\" \/><\/figure><div class=\"wp-block-media-text__content\">\n<p><strong>Les vins<\/strong><\/p>\n\n\n\n<p>Situ\u00e9s en appellation Cabard\u00e8s, nous b\u00e9n\u00e9ficions dune dualit\u00e9 climatique entre la M\u00e9diterran\u00e9e et l&rsquo;Oc\u00e9an Atlantique.<\/p>\n\n\n\n<p>Notre enc\u00e9pagement se compose majoritairement de Syrah, Merlot et Grenache. Nos vins offrent une grand typicit\u00e9 que nous vous invitons \u00e0 d\u00e9couvrir au caveau de d\u00e9gustation, sur rendez-vous.<\/p>\n<\/div><\/div>\n\n\n\n<p><\/p>\n","protected":false},"excerpt":{"rendered":"<p>Le Domaine Situ\u00e9 \u00e0 20km de Carcassonne, sur les contreforts de la Montagne Noire, nos vignes sont expos\u00e9es plein Sud et b\u00e9n\u00e9ficient d&rsquo;une influence climatique oc\u00e9anique et m\u00e9diterran\u00e9enne. Notre terroir offre une formation g\u00e9ologique riche et vari\u00e9e o\u00f9 se m\u00ealent garrigues et montagnes. La dualit\u00e9 climatique procurent des vins \u00e9quilibr\u00e9s et complexes. Autrement dit, un [&hellip;]<\/p>\n","protected":false},"author":1,"featured_media":100,"parent":0,"menu_order":0,"comment_status":"closed","ping_status":"closed","template":"templates\/template-full-width.php","meta":{"spay_email":""},"_links":{"self":[{"href":"https:\/\/chateau-sesquieres.fr\/index.php?rest_route=\/wp\/v2\/pages\/21"}],"collection":[{"href":"https:\/\/chateau-sesquieres.fr\/index.php?rest_route=\/wp\/v2\/pages"}],"about":[{"href":"https:\/\/chateau-sesquieres.fr\/index.php?rest_route=\/wp\/v2\/types\/page"}],"author":[{"embeddable":true,"href":"https:\/\/chateau-sesquieres.fr\/index.php?rest_route=\/wp\/v2\/users\/1"}],"replies":[{"embeddable":true,"href":"https:\/\/chateau-sesquieres.fr\/index.php?rest_route=%2Fwp%2Fv2%2Fcomments&post=21"}],"version-history":[{"count":12,"href":"https:\/\/chateau-sesquieres.fr\/index.php?rest_route=\/wp\/v2\/pages\/21\/revisions"}],"predecessor-version":[{"id":113,"href":"https:\/\/chateau-sesquieres.fr\/index.php?rest_route=\/wp\/v2\/pages\/21\/revisions\/113"}],"wp:featuredmedia":[{"embeddable":true,"href":"https:\/\/chateau-sesquieres.fr\/index.php?rest_route=\/wp\/v2\/media\/100"}],"wp:attachment":[{"href":"https:\/\/chateau-sesquieres.fr\/index.php?rest_route=%2Fwp%2Fv2%2Fmedia&parent=21"}],"curies":[{"name":"wp","href":"https:\/\/api.w.org\/{rel}","templated":true}]}}